{"id":7,"date":"2024-01-04T23:21:56","date_gmt":"2024-01-04T23:21:56","guid":{"rendered":"https:\/\/www.hsotto.ca\/work\/memorial\/?page_id=7"},"modified":"2024-08-29T10:15:28","modified_gmt":"2024-08-29T14:15:28","slug":"inicio","status":"publish","type":"page","link":"https:\/\/www.hsotto.ca\/work\/memorial\/","title":{"rendered":"Inicio"},"content":{"rendered":"<p>Este sitio ha sido concebido para recordar a los chilenos y chilenas que por diferentes razones tuvieron que dejar su pa\u00eds de origen y llegaron a Quebec, donde vivieron y fallecieron. Tambi\u00e9n se ha considerado a aquellos que\u00a0 terminaron su vida en Chile o en otro pa\u00eds. Y se incluy\u00f3 a algunos quebequenses, que por su estrecha relaci\u00f3n con Chile, han sido parte de este proceso hist\u00f3rico.<\/p>\n<p>Con esta iniciativa, se ha buscado mantener la memoria colectiva de los chilenos en el exterior, cuya presencia ha aumentado en forma exponencial desde el golpe de Estado de 1973, a trav\u00e9s del mundo. El sitio ser\u00e1 un instrumento de informaci\u00f3n para los amigos y parientes que se encuentran en diversas latitudes, y que pueden estar interesados en informarse sobre aquellos que vinieron a rehacer sus vidas en Quebec. Ser\u00e1 adem\u00e1s una herramienta de utilidad cient\u00edfica, ya que los datos de las personas mencionadas podr\u00e1n ser empleados para estudios de car\u00e1cter hist\u00f3rico o sociol\u00f3gico.<\/p>\n<p>Memoria Chili-Qu\u00e9bec ha sido concebido y llevado a cabo por Jos\u00e9 Del Pozo, profesor asociado, del departamento de historia, UQAM. El sitio ha sido creado t\u00e9cnicamente por el arquitecto Hern\u00e1n Sottolichio, cuya generosa colaboraci\u00f3n, su disposici\u00f3n\u00a0 y el inter\u00e9s demostrado, han constituido un aporte\u00a0 esencial. La foto con el paisaje del cementerio de Charlevoix en invierno ha sido una cortes\u00eda del fot\u00f3grafo V\u00edctor D\u00edaz Lamich, gesto que tambi\u00e9n agradezco.<\/p>\n","protected":false},"excerpt":{"rendered":"<p>Este sitio ha sido concebido para recordar a los chilenos y chilenas que por diferentes razones tuvieron que dejar su pa\u00eds de origen y llegaron a Quebec, donde vivieron y fallecieron. Tambi\u00e9n se ha considerado a aquellos que\u00a0 terminaron su vida en Chile o en otro pa\u00eds. Y se incluy\u00f3 a algunos quebequenses, que por<a class=\"excerpt-read-more\" href=\"https:\/\/www.hsotto.ca\/work\/memorial\/\" title=\"ReadInicio\">&#8230; Read more &raquo;<\/a><\/p>\n","protected":false},"author":1,"featured_media":140,"parent":0,"menu_order":0,"comment_status":"closed","ping_status":"closed","template":"template-front-page.php","meta":{"footnotes":""},"class_list":["post-7","page","type-page","status-publish","has-post-thumbnail","hentry"],"_links":{"self":[{"href":"https:\/\/www.hsotto.ca\/work\/memorial\/wp-json\/wp\/v2\/pages\/7","targetHints":{"allow":["GET"]}}],"collection":[{"href":"https:\/\/www.hsotto.ca\/work\/memorial\/wp-json\/wp\/v2\/pages"}],"about":[{"href":"https:\/\/www.hsotto.ca\/work\/memorial\/wp-json\/wp\/v2\/types\/page"}],"author":[{"embeddable":true,"href":"https:\/\/www.hsotto.ca\/work\/memorial\/wp-json\/wp\/v2\/users\/1"}],"replies":[{"embeddable":true,"href":"https:\/\/www.hsotto.ca\/work\/memorial\/wp-json\/wp\/v2\/comments?post=7"}],"version-history":[{"count":23,"href":"https:\/\/www.hsotto.ca\/work\/memorial\/wp-json\/wp\/v2\/pages\/7\/revisions"}],"predecessor-version":[{"id":623,"href":"https:\/\/www.hsotto.ca\/work\/memorial\/wp-json\/wp\/v2\/pages\/7\/revisions\/623"}],"wp:featuredmedia":[{"embeddable":true,"href":"https:\/\/www.hsotto.ca\/work\/memorial\/wp-json\/wp\/v2\/media\/140"}],"wp:attachment":[{"href":"https:\/\/www.hsotto.ca\/work\/memorial\/wp-json\/wp\/v2\/media?parent=7"}],"curies":[{"name":"wp","href":"https:\/\/api.w.org\/{rel}","templated":true}]}}